
6
What is the highest common divisor of 377987 and 431?
431
What is the highest common divisor of 67454 and 261?
29
Calculate the greatest common factor of 174500 and 57236.
1396
Calculate the highest common divisor of 1156 and 571166.
34
What is the highest common divisor of 162 and 286?
2
Calculate the highest common divisor of 147150 and 14850.
1350
What is the highest common divisor of 603 and 171?
9
What is the highest common factor of 5016530 and 85?
85
What is the highest common factor of 1420 and 23004?
284
Calculate the greatest common divisor of 152 and 14478.
38
What is the highest common factor of 560 and 35?
35
What is the greatest common divisor of 101972 and 7208?
212
What is the highest common factor of 23100 and 798?
42
What is the highest common factor of 37540 and 8?
4
Calculate the greatest common factor of 6403 and 1957.
19
What is the greatest common factor of 8816 and 4864?
304
Calculate the greatest common factor of 672 and 568120.
56
What is the greatest common divisor of 630 and 8022?
42
Calculate the greatest common factor of 164 and 11129532.
164
What is the highest common divisor of 240 and 21144?
24
What is the greatest common factor of 59025 and 975?
75
Calculate the highest common factor of 23310 and 1770.
30
Calculate the highest common divisor of 960 and 8544.
96
What is the highest common factor of 287286 and 162?
6
Calculate the greatest common divisor of 200 and 144.
8
Calculate the greatest common factor of 18 and 360279.
9
Calculate the greatest common factor of 585 and 4690881.
117
What is the greatest common divisor of 123888 and 103596?
1068
Calculate the highest common divisor of 336 and 128352.
336
What is the greatest common divisor of 31842 and 30798?
522
What is the highest common divisor of 135 and 552231?
27
What is the greatest common factor of 2260 and 10390?
10
What is the greatest common divisor of 193267 and 157?
157
What is the greatest common factor of 30376 and 536?
8
Calculate the greatest common factor of 482987 and 187.
17
What is the highest common factor of 118190 and 1060?
530
What is the greatest common factor of 2 and 67411?
1
What is the greatest common divisor of 252 and 25767?
63
What is the greatest common divisor of 652 and 5770526?
326
What is the highest common factor of 1051943 and 85?
17
What is the highest common divisor of 81 and 13707?
9
Calculate the greatest common factor of 13 and 91702.
13
What is the highest common divisor of 20554 and 4302?
478
What is the highest common divisor of 171 and 16?
1
Calculate the greatest common factor of 59848 and 128.
8
What is the highest common divisor of 6367398 and 354?
354
What is the highest common divisor of 215010 and 99?
9
Calculate the highest common divisor of 7665 and 1482411.
1533
Calculate the greatest common divisor of 219792 and 8.
8
What is the greatest common factor of 1015211 and 292?
73
What is the highest common factor of 715 and 1594840?
65
Calculate the highest common factor of 24 and 1322532.
12
What is the highest common factor of 6195 and 393?
3
What is the highest common factor of 84 and 185682?
42
Calculate the highest common divisor of 480 and 79380.
60
Calculate the greatest common factor of 2992211 and 2956.
739
Calculate the greatest common factor of 312 and 34008.
312
Calculate the highest common divisor of 128 and 159.
1
What is the highest common divisor of 96 and 42492?
12
Calculate the greatest common divisor of 8413 and 5907.
179
Calculate the highest common factor of 36 and 839034.
18
Calculate the greatest common factor of 31004 and 161.
23
What is the highest common divisor of 84 and 3105844?
28
Calculate the highest common divisor of 1890 and 1026.
54
Calculate the highest common factor of 84 and 133.
7
What is the highest common factor of 4458 and 15?
3
What is the highest common factor of 3038 and 694134?
98
Calculate the highest common divisor of 3384 and 5742.
18
Calculate the greatest common divisor of 8 and 155032.
8
Calculate the highest common factor of 16 and 2027056.
16
Calculate the greatest common factor of 10 and 30370.
10
Calculate the highest common factor of 1513344 and 21.
21
Calculate the greatest common factor of 127928 and 8.
8
What is the greatest common factor of 828856 and 152?
152
What is the highest common divisor of 4290 and 11622?
78
What is the greatest common divisor of 4490 and 2570?
10
What is the greatest common divisor of 972 and 74682?
162
What is the greatest common factor of 11908 and 65?
13
Calculate the greatest common divisor of 91880 and 100.
20
What is the highest common divisor of 816 and 457640?
136
Calculate the greatest common factor of 11739 and 2709.
903
Calculate the highest common divisor of 48128 and 104.
8
What is the greatest common divisor of 259110 and 720?
90
What is the greatest common factor of 555859 and 142?
71
Calculate the highest common divisor of 214 and 105074.
214
Calculate the greatest common factor of 91067 and 152.
19
Calculate the greatest common factor of 2100 and 9300.
300
Calculate the highest common divisor of 96 and 119008.
32
What is the highest common divisor of 4760 and 168725?
85
Calculate the greatest common factor of 2538 and 167978.
94
What is the highest common divisor of 650 and 343100?
50
Calculate the highest common divisor of 325591 and 482.
241
What is the greatest common divisor of 4394 and 32?
2
What is the highest common factor of 446 and 311531?
223
What is the highest common factor of 344 and 120056?
344
What is the highest common factor of 371821 and 559?
43
Calculate the greatest common divisor of 6 and 11481.
3
Calculate the greatest common factor of 5138523 and 117.
117
What is the greatest common factor of 40900 and 300?
100
Calculate the highest common factor of 520 and 65910.
130
What is the greatest common divisor of 10032 and 361988?
836
What is the greatest common divisor of 12 and 24213876?
12
Calculate the greatest common divisor of 70 and 300965.
35
Calculate the greatest common divisor of 492094 and 186.
62
Calculate the highest common divisor of 624 and 11864.
8
What is the highest common divisor of 33 and 1876281?
33
What is the greatest common factor of 557375 and 2401?
343
Calculate the greatest common divisor of 230 and 3796840.
230
What is the highest common factor of 122 and 98759?
61
Calculate the greatest common divisor of 570 and 74.
2
What is the highest common divisor of 234 and 29952?
234
Calculate the highest common factor of 361 and 207575.
361
Calculate the highest common divisor of 34904 and 376.
8
What is the highest common divisor of 540193 and 388?
97
Calculate the greatest common factor of 3184 and 32039.
199
Calculate the highest common divisor of 36 and 342996.
12
Calculate the highest common factor of 2196 and 252.
36
What is the highest common divisor of 30 and 3051900?
30
Calculate the highest common divisor of 148932 and 27.
27
What is the highest common divisor of 58 and 8336?
2
What is the greatest common factor of 20020 and 49764?
572
Calculate the greatest common divisor of 293 and 64.
1
Calculate the highest common divisor of 33936 and 96.
48
Calculate the greatest common factor of 3895 and 51455.
205
What is the greatest common divisor of 64 and 226?
2
Calculate the highest common divisor of 1589094 and 54.
18
Calculate the highest common divisor of 6970 and 29410.
170
Calculate the greatest common divisor of 605 and 95.
5
What is the greatest common factor of 31390 and 6665?
215
What is the highest common factor of 770 and 9905?
35
Calculate the highest common divisor of 10881 and 3147027.
1209
Calculate the highest common divisor of 22265 and 65.
5
What is the greatest common factor of 226 and 700261?
113
Calculate the highest common divisor of 2896800 and 240.
240
Calculate the greatest common divisor of 1152 and 193728.
192
Calculate the greatest common factor of 18914 and 772.
386
What is the highest common divisor of 11976 and 1022451?
1497
Calculate the greatest common factor of 10189 and 1081.
23
What is the greatest common factor of 5952 and 6456?
24
What is the greatest common factor of 34365 and 522?
87
Calculate the highest common divisor of 636 and 2374188.
636
What is the greatest common divisor of 24310832 and 728?
728
What is the g